{"id":660,"date":"2018-05-24T07:30:04","date_gmt":"2018-05-24T07:30:04","guid":{"rendered":"https:\/\/www.scionart.com\/kisstoria\/?page_id=660"},"modified":"2020-02-12T07:12:13","modified_gmt":"2020-02-12T07:12:13","slug":"alive-iii","status":"publish","type":"page","link":"https:\/\/www.scionart.com\/kisstoria\/livet\/alive-iii\/","title":{"rendered":"Alive III"},"content":{"rendered":"\n<ol><li>Creatures of the night (Stanley, Mitchell) \u2013 4:40<\/li><li>Deuce (Simmons) \u2013 3:42<\/li><li>I just wanna (Stanley, Vincent) \u2013 4:21<\/li><li>Unholy (Simmons, Vincent) \u2013 3:43<\/li><li>Heaven\u2019s on fire (Stanley, Child) \u2013 4:02<\/li><li>Watchin\u2019 you (Simmons) \u2013 3:35<\/li><li>Domino (Simmons) \u2013 3:47<\/li><li>I was made for lovin\u2019 you (Stanley, Child, Poncia) \u2013 4:31<\/li><li>I still love you (Stanley, Vincent) \u2013 6:04<\/li><li>Rock and roll all nite (Stanley, Simmons) \u2013 3:33<\/li><li>Lick it up (Stanley, Vincent) \u2013 4:18<\/li><li>Forever (Stanley, Bolton) \u2013 4:20<\/li><li>I Love it loud (Simmons, Vincent) \u2013 3:40<\/li><li>Detroit rock city (Stanley, Ezrin) \u2013 5:11<\/li><li>God gave rock \u2018n\u2019 roll to you II (Stanley, Simmons, Ezrin, Ballard) &nbsp;\u2013 5:21<\/li><li>Star spangled banner (Key) \u2013 2:38<\/li><\/ol>\n\n\n\n<p>Levy-yhti\u00f6: Mercury records<br>Tuottaja(t): Eddie Kramer ja KISS<br>\u00c4\u00e4nitetty:&nbsp;The Palace of Auburn Hills (Detroit, USA) 27.11.1992; Market Square Arena (Indianapolis, USA) 28.11.1992 ja The Coliseum Theatre (Richfield, USA) 29.11.1992.<br>Julkaistu: 18.5.1993<br>Kansitaide: Mitchell Kanner<\/p>\n\n\n\n<h2>Tiesitk\u00f6?<\/h2>\n\n\n\n<p>Bonusraita &#8221;Take it off&#8221;&nbsp;ei alunperin ollut US CD -julkaisulla, mutta vinyyliversiolta se l\u00f6ytyi kuten my\u00f6s Euroopan, Japanin ja Etel\u00e4-Amerikan CD-julkaisuilla.<\/p>\n","protected":false},"excerpt":{"rendered":"<p>Creatures of the night (Stanley, Mitchell) \u2013 4:40 Deuce (Simmons) \u2013 3:42 I just wanna (Stanley, Vincent) \u2013 4:21 Unholy (Simmons, Vincent) \u2013 3:43 Heaven\u2019s [&hellip;]<\/p>\n","protected":false},"author":1,"featured_media":1112,"parent":89,"menu_order":0,"comment_status":"closed","ping_status":"closed","template":"page_record.php","meta":{"inline_featured_image":false},"_links":{"self":[{"href":"https:\/\/www.scionart.com\/kisstoria\/wp-json\/wp\/v2\/pages\/660"}],"collection":[{"href":"https:\/\/www.scionart.com\/kisstoria\/wp-json\/wp\/v2\/pages"}],"about":[{"href":"https:\/\/www.scionart.com\/kisstoria\/wp-json\/wp\/v2\/types\/page"}],"author":[{"embeddable":true,"href":"https:\/\/www.scionart.com\/kisstoria\/wp-json\/wp\/v2\/users\/1"}],"replies":[{"embeddable":true,"href":"https:\/\/www.scionart.com\/kisstoria\/wp-json\/wp\/v2\/comments?post=660"}],"version-history":[{"count":2,"href":"https:\/\/www.scionart.com\/kisstoria\/wp-json\/wp\/v2\/pages\/660\/revisions"}],"predecessor-version":[{"id":1120,"href":"https:\/\/www.scionart.com\/kisstoria\/wp-json\/wp\/v2\/pages\/660\/revisions\/1120"}],"up":[{"embeddable":true,"href":"https:\/\/www.scionart.com\/kisstoria\/wp-json\/wp\/v2\/pages\/89"}],"wp:featuredmedia":[{"embeddable":true,"href":"https:\/\/www.scionart.com\/kisstoria\/wp-json\/wp\/v2\/media\/1112"}],"wp:attachment":[{"href":"https:\/\/www.scionart.com\/kisstoria\/wp-json\/wp\/v2\/media?parent=660"}],"curies":[{"name":"wp","href":"https:\/\/api.w.org\/{rel}","templated":true}]}}