{"id":483,"date":"2018-05-17T07:36:24","date_gmt":"2018-05-17T07:36:24","guid":{"rendered":"https:\/\/www.scionart.com\/kisstoria\/?page_id=483"},"modified":"2020-02-11T20:10:20","modified_gmt":"2020-02-11T20:10:20","slug":"animalize","status":"publish","type":"page","link":"https:\/\/www.scionart.com\/kisstoria\/tayspitkat\/animalize\/","title":{"rendered":"Animalize"},"content":{"rendered":"\n<ol><li>I\u2019ve had enough (into the fire) (Stanley, Child) \u2013 3:52<\/li><li>Heaven\u2019s on fire (Stanley, Child) \u2013 3:20<\/li><li>Burn bitch burn (Simmons) \u2013 4:41<\/li><li>Get all you can take (Stanley, Weissman) \u2013 3:43<\/li><li>Lonely is the hunter (Simmons) \u2013 4:28<\/li><li>Under the gun (Stanley, Carr, Child) \u2013 4:01<\/li><li>Thrills in the night (Stanley, Beauvoir) \u2013 4:21<\/li><li>While the city sleeps (Simmons, Weissman) \u2013 3:41<\/li><li>Murder in high heels (Simmons, Weissman) \u2013 3:53<\/li><\/ol>\n\n\n\n<p>Levy-yhti\u00f6: Mercury<br>Tuottaja(t): Paul Stanley<br>\u00c4\u00e4nitetty: touko-hein\u00e4kuu 1984, Right Track Studios (New York, USA)<br>Julkaistu: 13.9.1984<br>Kansitaide: Dennis Woloch<\/p>\n","protected":false},"excerpt":{"rendered":"<p>I\u2019ve had enough (into the fire) (Stanley, Child) \u2013 3:52 Heaven\u2019s on fire (Stanley, Child) \u2013 3:20 Burn bitch burn (Simmons) \u2013 4:41 Get all [&hellip;]<\/p>\n","protected":false},"author":1,"featured_media":1076,"parent":82,"menu_order":0,"comment_status":"closed","ping_status":"closed","template":"page_record.php","meta":{"inline_featured_image":false},"_links":{"self":[{"href":"https:\/\/www.scionart.com\/kisstoria\/wp-json\/wp\/v2\/pages\/483"}],"collection":[{"href":"https:\/\/www.scionart.com\/kisstoria\/wp-json\/wp\/v2\/pages"}],"about":[{"href":"https:\/\/www.scionart.com\/kisstoria\/wp-json\/wp\/v2\/types\/page"}],"author":[{"embeddable":true,"href":"https:\/\/www.scionart.com\/kisstoria\/wp-json\/wp\/v2\/users\/1"}],"replies":[{"embeddable":true,"href":"https:\/\/www.scionart.com\/kisstoria\/wp-json\/wp\/v2\/comments?post=483"}],"version-history":[{"count":2,"href":"https:\/\/www.scionart.com\/kisstoria\/wp-json\/wp\/v2\/pages\/483\/revisions"}],"predecessor-version":[{"id":1074,"href":"https:\/\/www.scionart.com\/kisstoria\/wp-json\/wp\/v2\/pages\/483\/revisions\/1074"}],"up":[{"embeddable":true,"href":"https:\/\/www.scionart.com\/kisstoria\/wp-json\/wp\/v2\/pages\/82"}],"wp:featuredmedia":[{"embeddable":true,"href":"https:\/\/www.scionart.com\/kisstoria\/wp-json\/wp\/v2\/media\/1076"}],"wp:attachment":[{"href":"https:\/\/www.scionart.com\/kisstoria\/wp-json\/wp\/v2\/media?parent=483"}],"curies":[{"name":"wp","href":"https:\/\/api.w.org\/{rel}","templated":true}]}}