{"id":476,"date":"2018-05-17T07:24:14","date_gmt":"2018-05-17T07:24:14","guid":{"rendered":"https:\/\/www.scionart.com\/kisstoria\/?page_id=476"},"modified":"2020-02-11T12:19:04","modified_gmt":"2020-02-11T12:19:04","slug":"music-from-the-elder","status":"publish","type":"page","link":"https:\/\/www.scionart.com\/kisstoria\/tayspitkat\/music-from-the-elder\/","title":{"rendered":"Music from the Elder"},"content":{"rendered":"\n<ol><li>The oath (Stanley, Ezrin, Powers) \u2013 4:31<\/li><li>Fanfare (Ezrin, Stanley) \u2013 1:21<\/li><li>Just a boy (Stanley, Ezrin) \u2013 2:25<\/li><li>Dark light (Simmons, Frehley, Fig, Reed) \u2013 4:18<\/li><li>Only you (Simmons) \u2013 4:17<\/li><li>Under the rose (Simmons, Carr) \u2013 4:51<\/li><li>A world without heroes (Simmons, Stanley, Ezrin, Reed) \u2013 2:40<\/li><li>Mr. Blackwell (Simmons, Reed) \u2013 4:52<\/li><li>Escape from the island (Frehley, Ezrin, Carr) \u2013 2:52<\/li><li>Odyssey (Powers) \u2013 5:36<\/li><li>I (Simmons, Ezrin) \u2013 5:03<\/li><\/ol>\n\n\n\n<p>Levy-yhti\u00f6: Casablanca records<br>Tuottaja(t): Bob Ezrin<br>\u00c4\u00e4nitetty: maalis-syyskuu 1981, Ace In The Hole Studios (Connecticut, USA), A &amp; R Studios (New York, USA), Record Plant (New York, USA), Sounds Interchange Ltd. (Toronto, Kanada), Ezrin Farms, King Ontario with Record Plant (New York, USA)<br>Julkaistu: 10.11.1981<br>Kansitaide: Dennis Woloch<\/p>\n\n\n\n<h2>Tiesitk\u00f6?<\/h2>\n\n\n\n<p>Levynkannen ovi pohjautuu New Yorkin Park Avenuella sijaitsevan metodistikirkon (Park Avenue United Methodist Church)&nbsp;oveen.<\/p>\n","protected":false},"excerpt":{"rendered":"<p>The oath (Stanley, Ezrin, Powers) \u2013 4:31 Fanfare (Ezrin, Stanley) \u2013 1:21 Just a boy (Stanley, Ezrin) \u2013 2:25 Dark light (Simmons, Frehley, Fig, Reed) [&hellip;]<\/p>\n","protected":false},"author":1,"featured_media":1058,"parent":82,"menu_order":0,"comment_status":"closed","ping_status":"closed","template":"page_record.php","meta":{"inline_featured_image":false},"_links":{"self":[{"href":"https:\/\/www.scionart.com\/kisstoria\/wp-json\/wp\/v2\/pages\/476"}],"collection":[{"href":"https:\/\/www.scionart.com\/kisstoria\/wp-json\/wp\/v2\/pages"}],"about":[{"href":"https:\/\/www.scionart.com\/kisstoria\/wp-json\/wp\/v2\/types\/page"}],"author":[{"embeddable":true,"href":"https:\/\/www.scionart.com\/kisstoria\/wp-json\/wp\/v2\/users\/1"}],"replies":[{"embeddable":true,"href":"https:\/\/www.scionart.com\/kisstoria\/wp-json\/wp\/v2\/comments?post=476"}],"version-history":[{"count":3,"href":"https:\/\/www.scionart.com\/kisstoria\/wp-json\/wp\/v2\/pages\/476\/revisions"}],"predecessor-version":[{"id":954,"href":"https:\/\/www.scionart.com\/kisstoria\/wp-json\/wp\/v2\/pages\/476\/revisions\/954"}],"up":[{"embeddable":true,"href":"https:\/\/www.scionart.com\/kisstoria\/wp-json\/wp\/v2\/pages\/82"}],"wp:featuredmedia":[{"embeddable":true,"href":"https:\/\/www.scionart.com\/kisstoria\/wp-json\/wp\/v2\/media\/1058"}],"wp:attachment":[{"href":"https:\/\/www.scionart.com\/kisstoria\/wp-json\/wp\/v2\/media?parent=476"}],"curies":[{"name":"wp","href":"https:\/\/api.w.org\/{rel}","templated":true}]}}