{"id":411,"date":"2018-05-16T07:20:50","date_gmt":"2018-05-16T07:20:50","guid":{"rendered":"https:\/\/www.scionart.com\/kisstoria\/?page_id=411"},"modified":"2022-10-20T11:12:39","modified_gmt":"2022-10-20T11:12:39","slug":"vinnie-vincent","status":"publish","type":"page","link":"https:\/\/www.scionart.com\/kisstoria\/vinnie-vincent\/","title":{"rendered":"Vinnie Vincent"},"content":{"rendered":"\n<table id=\"tablepress-27\" class=\"tablepress tablepress-id-27 table table-sm table-striped w-auto\">\n<tbody>\n<tr class=\"row-1\">\n\t<td class=\"column-1\">Syntym\u00e4nimi:<\/td><td class=\"column-2\">Vincent John Cusano<\/td>\n<\/tr>\n<tr class=\"row-2\">\n\t<td class=\"column-1\">Syntym\u00e4p\u00e4iv\u00e4:<\/td><td class=\"column-2\">6.8.1952<\/td>\n<\/tr>\n<tr class=\"row-3\">\n\t<td class=\"column-1\">Syntym\u00e4paikka:<\/td><td class=\"column-2\">Bridgeport, Connecticut, USA<\/td>\n<\/tr>\n<tr class=\"row-4\">\n\t<td class=\"column-1\">Vanhemmat:<\/td><td class=\"column-2\">Alphonso Cusano (is\u00e4, s. ???, k. ???)<\/td>\n<\/tr>\n<tr class=\"row-5\">\n\t<td class=\"column-1\"> <\/td><td class=\"column-2\">Theresa \"Terri\" Cusano os. ??? (\u00e4iti, s. ???)<\/td>\n<\/tr>\n<tr class=\"row-6\">\n\t<td class=\"column-1\">Siviilis\u00e4\u00e4ty:<\/td><td class=\"column-2\">???<\/td>\n<\/tr>\n<tr class=\"row-7\">\n\t<td class=\"column-1\">Lapset:<\/td><td class=\"column-2\">Elizabeth (s. ???), Jessica (s. ???)<\/td>\n<\/tr>\n<tr class=\"row-8\">\n\t<td class=\"column-1\">Roolinimi:<\/td><td class=\"column-2\">The Egyptian warrior \/ The Ankh Warrior \/ The Wiz<\/td>\n<\/tr>\n<tr class=\"row-9\">\n\t<td class=\"column-1\">Instrumentit:<\/td><td class=\"column-2\">kitara<\/td>\n<\/tr>\n<tr class=\"row-10\">\n\t<td class=\"column-1\">Ollut yhtyeess\u00e4:<\/td><td class=\"column-2\">1982-1984<\/td>\n<\/tr>\n<\/tbody>\n<\/table>\n<!-- #tablepress-27 from cache -->\n\n\n\n<h2>Aiemmat yhtyeet<\/h2>\n\n\n\n<ul><li>The Younger Generation (1965-68)<\/li><li>Hunter (1970)<\/li><li>Cashmir &amp; Lecoux (1975)<\/li><li>Treasure (1977-78)<\/li><li>Dan Hartman (1978-79)<\/li><li>The Edgar Winter Band (1979-80)<\/li><li>New England \/ Warrior (1981-82)<\/li><\/ul>\n\n\n\n<h2>Yhtyeet KISSin j\u00e4lkeen<\/h2>\n\n\n\n<ul><li>Vinnie Vincent Invasion (1986-1988)<\/li><li>Vinnie Vincent (1988-1996)<\/li><\/ul>\n","protected":false},"excerpt":{"rendered":"<p>Aiemmat yhtyeet The Younger Generation (1965-68) Hunter (1970) Cashmir &amp; Lecoux (1975) Treasure (1977-78) Dan Hartman (1978-79) The Edgar Winter Band (1979-80) New England \/ [&hellip;]<\/p>\n","protected":false},"author":1,"featured_media":1316,"parent":0,"menu_order":0,"comment_status":"closed","ping_status":"closed","template":"page_member.php","meta":{"inline_featured_image":false},"_links":{"self":[{"href":"https:\/\/www.scionart.com\/kisstoria\/wp-json\/wp\/v2\/pages\/411"}],"collection":[{"href":"https:\/\/www.scionart.com\/kisstoria\/wp-json\/wp\/v2\/pages"}],"about":[{"href":"https:\/\/www.scionart.com\/kisstoria\/wp-json\/wp\/v2\/types\/page"}],"author":[{"embeddable":true,"href":"https:\/\/www.scionart.com\/kisstoria\/wp-json\/wp\/v2\/users\/1"}],"replies":[{"embeddable":true,"href":"https:\/\/www.scionart.com\/kisstoria\/wp-json\/wp\/v2\/comments?post=411"}],"version-history":[{"count":2,"href":"https:\/\/www.scionart.com\/kisstoria\/wp-json\/wp\/v2\/pages\/411\/revisions"}],"predecessor-version":[{"id":1002,"href":"https:\/\/www.scionart.com\/kisstoria\/wp-json\/wp\/v2\/pages\/411\/revisions\/1002"}],"wp:featuredmedia":[{"embeddable":true,"href":"https:\/\/www.scionart.com\/kisstoria\/wp-json\/wp\/v2\/media\/1316"}],"wp:attachment":[{"href":"https:\/\/www.scionart.com\/kisstoria\/wp-json\/wp\/v2\/media?parent=411"}],"curies":[{"name":"wp","href":"https:\/\/api.w.org\/{rel}","templated":true}]}}