{"id":1240,"date":"2022-10-19T07:03:27","date_gmt":"2022-10-19T07:03:27","guid":{"rendered":"https:\/\/www.scionart.com\/kisstoria\/?page_id=1240"},"modified":"2022-10-19T11:30:21","modified_gmt":"2022-10-19T11:30:21","slug":"off-the-soundboard-tokyo-2001","status":"publish","type":"page","link":"https:\/\/www.scionart.com\/kisstoria\/livet\/off-the-soundboard-tokyo-2001\/","title":{"rendered":"Off the soundboard &#8211; Tokyo 2001"},"content":{"rendered":"\n<ol><li>Detroit rock city (Stanley, Ezrin)<\/li><li>Deuce (Simmons)<\/li><li>Shout it out loud (Stanley, Simmons, Ezrin)<\/li><li>Talk to me (Frehley)<\/li><li>I love it loud (Simmons, Cusano)<\/li><li>Firehouse (Stanley)<\/li><li>Do you love me (Stanley, Ezrin, Fowley)<\/li><li>Calling Dr. Love (Simmons)<\/li><li>Heaven&#8217;s on fire (Stanley, Child)<\/li><li>Let me go, rock &#8217;n&#8217; roll (Stanley, Simmons)<\/li><li>Shock me \/ Guitar solo (Frehley)<\/li><li>Psycho circus (Stanley, Cuomo)<\/li><li>Lick it up \/ Bass solo (Stanley, Cusano) \/ (Simmons)<\/li><li>God of thunder (Stanley) \/ (Singer)<\/li><li>Gold gin (Frehley)<\/li><li>100,000 Years (Simmons, Stanley)<\/li><li>Love gun (Stanley)<\/li><li>I still love you (Stanley, Cusano)<\/li><li>Black diamond (Stanley)<\/li><li>I was made for lovin&#8217; you (Stanley, Child, Poncia)<\/li><li>Rock and roll all nite (Stanley, Simmons)<\/li><\/ol>\n\n\n\n<p>Levy-yhti\u00f6: UMe<br>Tuottaja(t): Steve Hammonds ja Jeff Fura<br>\u00c4\u00e4nitetty: Tokyo Dome (Tokio, Japani) 13.3.2001<br>Julkaistu: 11.6.2021<br>Kansitaide: Tom Jermann \/ t42design<\/p>\n","protected":false},"excerpt":{"rendered":"<p>Detroit rock city (Stanley, Ezrin) Deuce (Simmons) Shout it out loud (Stanley, Simmons, Ezrin) Talk to me (Frehley) I love it loud (Simmons, Cusano) Firehouse [&hellip;]<\/p>\n","protected":false},"author":1,"featured_media":1259,"parent":89,"menu_order":0,"comment_status":"closed","ping_status":"closed","template":"page_record.php","meta":{"inline_featured_image":false},"_links":{"self":[{"href":"https:\/\/www.scionart.com\/kisstoria\/wp-json\/wp\/v2\/pages\/1240"}],"collection":[{"href":"https:\/\/www.scionart.com\/kisstoria\/wp-json\/wp\/v2\/pages"}],"about":[{"href":"https:\/\/www.scionart.com\/kisstoria\/wp-json\/wp\/v2\/types\/page"}],"author":[{"embeddable":true,"href":"https:\/\/www.scionart.com\/kisstoria\/wp-json\/wp\/v2\/users\/1"}],"replies":[{"embeddable":true,"href":"https:\/\/www.scionart.com\/kisstoria\/wp-json\/wp\/v2\/comments?post=1240"}],"version-history":[{"count":5,"href":"https:\/\/www.scionart.com\/kisstoria\/wp-json\/wp\/v2\/pages\/1240\/revisions"}],"predecessor-version":[{"id":1278,"href":"https:\/\/www.scionart.com\/kisstoria\/wp-json\/wp\/v2\/pages\/1240\/revisions\/1278"}],"up":[{"embeddable":true,"href":"https:\/\/www.scionart.com\/kisstoria\/wp-json\/wp\/v2\/pages\/89"}],"wp:featuredmedia":[{"embeddable":true,"href":"https:\/\/www.scionart.com\/kisstoria\/wp-json\/wp\/v2\/media\/1259"}],"wp:attachment":[{"href":"https:\/\/www.scionart.com\/kisstoria\/wp-json\/wp\/v2\/media?parent=1240"}],"curies":[{"name":"wp","href":"https:\/\/api.w.org\/{rel}","templated":true}]}}